ulate the highest common factor of 971 and l.
1
Let g be (-148*1/(-2))/(1/2). Calculate the highest common divisor of 20 and g.
4
Let k be -2*(120/(-4))/5. Suppose -36 = -0*z - 3*z. Calculate the highest common factor of z and k.
12
Suppose -5*r + f + 85 = -r, -3*r - f = -55. Let l(x) = -64 - x**2 + r*x - 2*x**2 + 58 + x**2. Let z be l(9). What is the greatest common divisor of z and 12?
12
Let c = -10367 + 10977. What is the highest common factor of c and 6405?
305
Let z = 169 - -99. Suppose -w = 4*c - z, 0 = c + c - 5*w - 156. Suppose 8*x - 60 = c. What is the greatest common factor of x and 24?
8
Let n be 19/((-38)/(-4)) + (-6)/9*-9501. What is the highest common factor of 8 and n?
8
Let u(r) = -31*r - 7. Let o be u(-7). Calculate the greatest common factor of o and 1610.
70
Let i = -127 + -53. Let r = i + 348. What is the highest common factor of 36 and r?
12
Let q(i) = -4*i**2 + 7*i + 9. Let m be q(-3). Let g = 6 - m. Calculate the highest common divisor of g and 2.
2
Suppose 5*r = 4*r + 6. Suppose 19*b - 18*b + 4 = 0, c - 30 = 2*b. What is the greatest common divisor of r and c?
2
Let y = -245 - -245. Suppose -j - 4*h + 34 = y, -5*j + 3*h = -j - 212. Calculate the greatest common factor of 75 and j.
25
Suppose 0 = 5*z - 4*t - 36 - 20, -24 = -z + 4*t. Let o(k) = 8*k - 19. Let f be o(z). Calculate the greatest common factor of 45 and f.
45
Suppose 5*s - 5 = -k, 46*s + 5*k + 17 = 42*s. Suppose 15*n = 4*n + 770. Calculate the highest common divisor of s and n.
2
Let k = 2758 - 2725. What is the greatest common divisor of k and 132?
33
Let w(h) = -3*h - 4. Let a be w(-3). Suppose -x + 6 = 4*m, -x - 3*x + 13 = a*m. Let b = 28878 - 28872. Calculate the greatest common divisor of x and b.
2
Let s(k) be the first derivative of k**3 - 13*k**2/2 - 10*k + 11. Let t be s(6). What is the greatest common divisor of 4 and t?
4
Let j be 186/9*(13929/18 - 85/(-51)). Calculate the highest common divisor of 188 and j.
47
Let s(k) = 19*k**2 + 44 - 132 + 42 + 47 + 8*k. Let w be s(-1). Calculate the highest common divisor of w and 8.
4
Suppose -62*s + 74*s = 33*s - 138096. What is the greatest common factor of s and 96?
48
Suppose 53*o - 51*o = 4186. Calculate the highest common divisor of o and 91.
91
Let j = 175 + -175. Let a be 1/((-3 - j)/(-81)). Calculate the highest common divisor of a and 3.
3
Let u(t) = 3*t + 9. Let b be u(7). Suppose 8*v - 2110 = -550. Calculate the highest common factor of b and v.
15
Let i = -167 - -21. Let g = i + 218. What is the highest common factor of g and 9?
9
Let o be 16*((-3)/(-4) + (-2)/(-56)*-7). Calculate the greatest common factor of o and 2356.
4
Let l(m) = 22*m**3 - 5*m**2 + 7*m + 5. Let y be l(3). What is the highest common divisor of y and 391?
23
Suppose -3*d = -3*z - 15, 16 = d + d + 4*z. Let q be -4 - 4*(-3)/d. Let y be q*(4 + -3) + 3. Calculate the greatest common divisor of y and 1.
1
Suppose -140*n - 12154 = -243*n. What is the highest common factor of n and 767?
59
Let o be -3 + 44/12 + (-386838)/(-27). What is the highest common factor of 144 and o?
72
Let y be (3/(-9))/((-5)/375). Let a be (-87)/(-3)*10 + 0. Let c = a + -65. What is the greatest common factor of c and y?
25
Let v(p) = 192*p**2 + 2*p + 8. Let f(h) = -96*h**2 - h - 3. Let u(d) = -5*f(d) - 2*v(d). Let c be u(1). What is the greatest common divisor of 128 and c?
32
Let y be 14340/42 - -2*(-15)/70. What is the highest common divisor of y and 155?
31
Let u(z) = z**3 - 15*z**2 - 16*z + 6. Let x be u(16). Suppose -21*k = -19*k + x. Let a be -46*k*(-1)/(-6). Calculate the greatest common divisor of 46 and a.
23
Let i(f) = 2*f**3 + 2*f**2 + 5*f + 2. Let x be i(3). Let t be ((-1)/2)/(x/(-1246)). Calculate the highest common divisor of 161 and t.
7
Let m = -36 + 54. Let s be m/(-117) + (-7024)/(-26). Let j(w) = w**3 - 57*w**2 - 380*w + 234. Let o be j(63). Calculate the greatest common factor of o and s.
54
Suppose -3*l + 26579 = 4*v, -56399 + 12124 = -5*l - 2*v. Calculate the greatest common factor of l and 39.
39
Let q(j) = 3*j**2 + 7*j + 9. Let v be q(-6). Let k = v + -33. What is the greatest common divisor of k and 7?
7
Let t = 3387 + -3329. Calculate the highest common divisor of 29 and t.
29
Let y be 7/((-7)/(-129)) + -4. Suppose 4*w - 11*i + 12*i = y, 2*i = -2*w + 70. Suppose f + 24 = 5*f. Calculate the greatest common factor of f and w.
6
Let p(o) = 232*o - 4373. Let q be p(19). Let j(w) = -3*w - 1. Let n be j(-1). Let k be 5 + 1/1*n. Calculate the greatest common factor of k and q.
7
Let u(c) = 7*c**3 + 48*c**2 - 90*c - 5. Let h be u(2). Calculate the greatest common divisor of h and 117.
9
Suppose -n + 461 = -46. Calculate the highest common divisor of 9 and n.
3
Suppose -65*y + 53*y = -24. Let f be 6*((-3)/(-3) + y). What is the highest common divisor of 234 and f?
18
Let a(s) = -56*s + 2149. Let g be a(26). Calculate the greatest common factor of 63 and g.
63
Let s be ((-16)/(-10) + -1 - (-275)/(-250))*-17510. Calculate the greatest common factor of s and 340.
85
Let h(c) = -c**3 + 66*c**2 + 273*c + 499. Let z be h(70). What is the greatest common factor of z and 3627?
9
Suppose -7*m = 33 - 47. Suppose u - 5*l - 24 = 0, -7*l + 5*l = m*u - 24. Calculate the highest common divisor of u and 6.
2
Let u be 64/4*(36/(-198) + 189003/66). What is the greatest common factor of 184 and u?
184
Suppose -12 = 4*u + 4*p, 3*p - 26 = -38*u + 40*u. Let i be 15*(u + 100/12). What is the greatest common divisor of i and 16?
4
Let y be 21*1/(-3) + 127. Suppose 0 = 17*f - 7*f - y. Calculate the greatest common divisor of f and 8.
4
Suppose 0 = 3*i + 184*u - 189*u + 9, 4*u - 8 = 2*i. What is the greatest common divisor of 98 and i?
2
Suppose 0 = -217*d + 536793 + 334462. What is the greatest common factor of 77 and d?
11
Let p(x) = x**3 - 4*x**2 - 9. Let n be p(5). Let r be 1*(-200)/n*4/(-5). Let b be (-12)/r*(-140)/6. Calculate the greatest common factor of b and 84.
28
Let k(b) = -1 + b + 3*b**2 + b + 2 - 7. Let h be k(-2). Suppose m = -g + 25, g + 25 = h*g + 3*m. What is the highest common divisor of 5 and g?
5
Let b(v) = 112*v + 501. Let r be b(-4). What is the greatest common factor of r and 424?
53
Suppose -137 + 1021 = 13*q. Let c = -13 - -22. Suppose c*o + 4 = 10*o. Calculate the greatest common factor of o and q.
4
Let t(n) = n**2 - 8*n - 16. Let p be t(12). Let k be 32/(-8 + 0) + (p - 0). Calculate the highest common divisor of 112 and k.
28
Suppose 0*a + 28 = 2*a - 2*w, 5*w + 10 = 0. Let t(c) = -c**2 + 38*c - 324. Let d be t(22). Calculate the greatest common divisor of a and d.
4
Let a be 11 + ((-264240)/84)/((-3)/14). Calculate the greatest common factor of 498 and a.
249
Suppose -55*y - 22*y + 7021 = -18*y. What is the greatest common factor of 1853 and y?
17
Suppose 0 = o - 2*i, -4*o - i + 55 = 2*i. Suppose -51*z = -199*z + 247160. Calculate the highest common divisor of o and z.
10
Let q(v) = 3*v + 198. Let g be q(4). What is the highest common divisor of g and 48?
6
Let d(h) = -278*h - 6. Suppose q - 5*t + 6*t = 2, q - 5*t + 16 = 0. Let y be d(q). Let u be (y - 2)*1*1/2. Calculate the highest common divisor of u and 15.
15
Let i = -278 - -182. Let a = -164 - i. Let r = -57 - a. What is the greatest common factor of 44 and r?
11
Let m be (-130)/39 - (-2)/(3*2). Let d be 216/m*(-9)/(-6). Let s = d - -123. Calculate the greatest common factor of 30 and s.
15
Let n(t) = 4*t**2 - 27*t - 16. Let k be n(14). What is the highest common factor of k and 22425?
195
Suppose 18*f + 73*f = 198016. What is the highest common factor of f and 128?
128
Suppose -35 + 36 = i. Let m be 5 - (-3 - (-7)/(i + 0)). Let c be m - (-1)/2 - 501/(-6). Calculate the highest common factor of c and 34.
17
Let o = -71 - -107. Let c be 5 + 6/(o/6). What is the greatest common divisor of c and 42?
6
Let g be ((-6)/(-5))/((-74)/(-67340)) + -4. What is the greatest common factor of g and 187?
17
Let j(c) be the first derivative of -13*c**2/2 - 107*c + 9. Let z be j(-19). Calculate the greatest common divisor of z and 20.
20
Suppose -4*r = 4*o + 2454 - 48638, o + 4*r = 11573. What is the highest common factor of 417 and o?
139
Let s = 2322 + -1026. What is the highest common divisor of s and 2106?
162
Let j be 0/(12/(-8)*2). Let n be (j - 3*(-3)/3) + 3. Calculate the greatest co